{"version":"1.0","provider_name":"Mediacritica","provider_url":"https:\/\/old.mediacritica.md\/ro","author_name":"Victoria","author_url":"https:\/\/old.mediacritica.md\/ro\/author\/cji_admin\/","title":"Titlurile apreciative nu sunt conforme normelor deontologice - Mediacritica","type":"rich","width":600,"height":338,"html":"<blockquote class=\"wp-embedded-content\"><a href=\"https:\/\/old.mediacritica.md\/ro\/titlurile-apreciative-nu-sunt-conforme-normelor-deontologice\/\">Titlurile apreciative nu sunt conforme normelor deontologice<\/a><\/blockquote>\n<script type='text\/javascript'>\n<!--\/\/--><![CDATA[\/\/><!--\n\t\t\/*! This file is auto-generated *\/\n\t\t!function(d,l){\"use strict\";var e=!1,o=!1;if(l.querySelector)if(d.addEventListener)e=!0;if(d.wp=d.wp||{},!d.wp.receiveEmbedMessage)if(d.wp.receiveEmbedMessage=function(e){var t=e.data;if(t)if(t.secret||t.message||t.value)if(!\/[^a-zA-Z0-9]\/.test(t.secret)){var r,a,i,s,n,o=l.querySelectorAll('iframe[data-secret=\"'+t.secret+'\"]'),c=l.querySelectorAll('blockquote[data-secret=\"'+t.secret+'\"]');for(r=0;r<c.length;r++)c[r].style.display=\"none\";for(r=0;r<o.length;r++)if(a=o[r],e.source===a.contentWindow){if(a.removeAttribute(\"style\"),\"height\"===t.message){if(1e3<(i=parseInt(t.value,10)))i=1e3;else if(~~i<200)i=200;a.height=i}if(\"link\"===t.message)if(s=l.createElement(\"a\"),n=l.createElement(\"a\"),s.href=a.getAttribute(\"src\"),n.href=t.value,n.host===s.host)if(l.activeElement===a)d.top.location.href=t.value}}},e)d.addEventListener(\"message\",d.wp.receiveEmbedMessage,!1),l.addEventListener(\"DOMContentLoaded\",t,!1),d.addEventListener(\"load\",t,!1);function t(){if(!o){o=!0;var e,t,r,a,i=-1!==navigator.appVersion.indexOf(\"MSIE 10\"),s=!!navigator.userAgent.match(\/Trident.*rv:11\\.\/),n=l.querySelectorAll(\"iframe.wp-embedded-content\");for(t=0;t<n.length;t++){if(!(r=n[t]).getAttribute(\"data-secret\"))a=Math.random().toString(36).substr(2,10),r.src+=\"#?secret=\"+a,r.setAttribute(\"data-secret\",a);if(i||s)(e=r.cloneNode(!0)).removeAttribute(\"security\"),r.parentNode.replaceChild(e,r)}}}}(window,document);\n\/\/--><!]]>\n<\/script><iframe sandbox=\"allow-scripts\" security=\"restricted\" src=\"https:\/\/old.mediacritica.md\/ro\/titlurile-apreciative-nu-sunt-conforme-normelor-deontologice\/embed\/\" width=\"600\" height=\"338\" title=\"&#8222;Titlurile apreciative nu sunt conforme normelor deontologice&#8221; &#8212; Mediacritica\" frameborder=\"0\" marginwidth=\"0\" marginheight=\"0\" scrolling=\"no\" class=\"wp-embedded-content\"><\/iframe>","thumbnail_url":"https:\/\/old.mediacritica.md\/wp-content\/uploads\/2019\/11\/NTV_7.11.2019.png","thumbnail_width":707,"thumbnail_height":851,"description":"NTV.md a publicat joi, 7 noiembrie, o \u0219tire cu titlul \u201eDecizie ilegal\u0103 \u0219i dubioas\u0103\u201d, \u00een care sunt prezentate opinii \u0219i reac\u021bii critice ale unor exper\u021bi cu referin\u021b\u0103 la decizia despre anularea concursului pentru func\u021bia de procuror general. Anun\u021bul a fost f\u0103cut miercuri, 6 noiembrie, \u00een cadrul unui briefing de pres\u0103, de c\u0103tre ministra Justi\u021biei, OleseaMai mult"}

NTV.md a publicat joi, 7 noiembrie, o știre cu titlul „Decizie ilegală și dubioasă”, în care sunt prezentate opinii și reacții critice ale unor experți cu referință la decizia despre anularea concursului pentru funcția de procuror general. Anunțul a fost făcut miercuri, 6 noiembrie, în cadrul unui briefing de presă, de către ministra Justiției, OleseaMai mult
